n = 911 - 32. Suppose -4*r = v - n, 3*v + 197 = 2*r - 232. What is the hundreds digit of r?
2
Suppose 3*w - 2*r = 64750, 21616 = w + 30*r - 26*r. What is the thousands digit of w?
1
Let w(v) = -v**2 - v. Let t(n) = -5*n**2 - 16*n + 37. Let c(m) = -t(m) + 4*w(m). What is the tens digit of c(-32)?
0
Suppose -8*k = -5*b + 96775, -96790 = -5*b - 14*k + 19*k. What is the ten thousands digit of b?
1
Suppose 4*t - 426 = 3*l, 13*l + 546 = 5*t + 16*l. Let s = t - -18. What is the tens digit of s?
2
Let s = -410 - -506. Suppose -7*a + s + 3719 = 0. What is the units digit of a?
5
Suppose 4*z - 39 = -23. Suppose 5*n = 4*p + 5114, 2*n - 3*p = z*n - 2064. What is the hundreds digit of n?
0
Let a(g) = 10*g - 5. Let y be a(2). Suppose -2*i + 73 = -y. What is the tens digit of ((-11)/i)/(1/(-124))?
3
Let d = -44 - -47. Let h be 3/((-9)/d) - -6. What is the units digit of ((-16)/h)/(-5 - (-96)/20)?
6
Suppose j + r + 10 = 35, -5*j + 122 = 2*r. Let v be (25 - j)*(-1 + 3). Let b(o) = 68*o**2 - 3*o + 6. What is the units digit of b(v)?
2
Suppose 0 = -h + 10*h - 54. Let b(n) = 45*n**2 - n - 33. What is the tens digit of b(h)?
8
Suppose -107*q - 71*q + 450921 = 41*q. What is the thousands digit of q?
2
Let h(p) = -p**2 + 37*p - 130. Let q be h(33). Suppose -w + 917 = 4*z - 101, 0 = 3*z + q*w - 766. What is the tens digit of z?
5
Let t = -3766 - -5033. What is the tens digit of t?
6
Let a(g) = g**3 + 8*g**2 + 16*g + 6. Let j be a(-6). What is the units digit of (-16664)/j + (-82)/(-369)?
6
Let g = 244436 + -163425. What is the units digit of g?
1
Suppose 0 = -4*d + 16, 12*u - 14*u - 3*d - 5022 = 0. Let a = -1318 - u. What is the hundreds digit of a?
1
Suppose 0 = -5*m - 2*w + 4*w + 9187, w + 3676 = 2*m. What is the units digit of m?
5
Let t(r) = r**3 + 7*r**2 - 32*r + 175. What is the units digit of t(14)?
3
Suppose 2*k - 13 = -1. Let w(r) = r**2 - 8*r + 15. Let z be w(k). Suppose -3*t + 5*f + 150 = 0, z*f + 211 = 2*t + 2*t. What is the tens digit of t?
5
Let u = -51635 + 87953. What is the thousands digit of u?
6
Let g = -15799 + 35782. What is the thousands digit of g?
9
Suppose 0 = 4*m - f + 3 + 2, 5 = 5*m + f. Suppose 9*v - 14*v + 1185 = m. What is the tens digit of v?
3
Suppose 210*f - 9679025 + 3302375 = 0. What is the units digit of f?
5
Suppose 5*s = j - 37781, 61*j = 56*j - 3*s + 188905. What is the thousands digit of j?
7
Suppose -76*t + 692233 = -116179. What is the units digit of t?
7
Suppose -7405 = -5*i + 3*x, -5*i + 1446 + 5924 = 4*x. Suppose -3*d = -4*p - i, 0 = 3*d - 2*p - 843 - 631. What is the tens digit of d?
9
Let l(f) = -9*f**2 + 7*f - 3. Let x be l(-4). Let g = -138 - x. What is the tens digit of g?
3
Let w(v) = 102*v**2 - v + 6840. What is the thousands digit of w(0)?
6
Suppose 2*k = 5*b + 16813, 0 = 51*k - 55*k - 3*b + 33665. What is the units digit of k?
4
Suppose -a + 150 = 4*a. Let w = 14 - a. What is the tens digit of (-2060)/w - (-3)/(-4)?
2
Suppose -13*a - 7956 = 5*a. Let b = 40 - a. What is the tens digit of b?
8
Let d = -3950 - -6039. What is the hundreds digit of d?
0
Suppose -s - 359 - 4 = 0. Let q = 40 - s. What is the units digit of q?
3
Let b(k) = -10*k**3 - 118*k**2 - 11*k - 19. What is the thousands digit of b(-14)?
4
Suppose -4*l = -4*p + 28028, -16*p + 18*p + 3*l = 14019. What is the tens digit of p?
0
Let c = 4204 - 3908. What is the tens digit of c?
9
Let x = 31668 + 20319. What is the ten thousands digit of x?
5
Let b be 0 - (-12)/30*5. What is the tens digit of (-6648)/(-24) + -9 + b?
7
Let y = 184546 + -127244. What is the units digit of y?
2
Let i = 15022 - 7264. What is the tens digit of i?
5
Suppose -8*z - 12355 = -4747. Let s = z + 2822. What is the units digit of s?
1
Suppose 25790 = 2*s + 2*z, 4*z + 2711 = 3*s - 36016. What is the thousands digit of s?
2
Let t = 3496 - 1214. Suppose 56*c = 49*c + t. What is the tens digit of c?
2
Let a(g) = 49*g**2 + 47*g + 45. What is the units digit of a(12)?
5
Suppose -8*n + 695 = 7. Let c = n - 82. Suppose 3*y - 570 + 164 = -5*f, -312 = -4*f + c*y. What is the units digit of f?
0
Suppose 0 = w - 404 + 5. Let j = w - 35. What is the units digit of j?
4
What is the units digit of ((-13)/(-156)*-3117)/(2/(-112)) + -5?
1
Suppose 0 = -2*l + 5*n + 37253, 0 = -3*l - l - n + 74451. What is the units digit of l?
4
Suppose 14065 = 18*o - 1199. Suppose 0 = 6*r + 2*r - o. What is the tens digit of r?
0
Suppose 0 = 6*f - 12*f - 24. Let a be (0 - 2)*(22/(-4) - f). Suppose 864 = k + a*k. What is the units digit of k?
6
Suppose 0 = 41*a - 16*a + 125. Let x(c) = -c**3 + 4*c**2 + 3*c + 13. What is the tens digit of x(a)?
2
Let h(d) = -30 + 31*d + 523*d**3 - 19*d**2 - 264*d**3 - 260*d**3. What is the tens digit of h(-22)?
4
Let a = 10721 - 6027. What is the tens digit of a?
9
Let g = 20 - 19. Let a = 15 + -10. What is the tens digit of (a/(-2) + g)*920/(-30)?
4
Suppose 315 = 7*p + 2*p. Let m = 165 + p. Suppose 3*k = -9, 0 = -5*x - k + m + 172. What is the units digit of x?
5
Suppose 12*h + 8564 = 4*k + 8*h, -5*h + 30 = 0. What is the hundreds digit of k?
1
Suppose 3*j = -4*p + 51518 + 3710, -4*p = 4*j - 73644. What is the thousands digit of j?
8
Let w(r) = -2494*r**3 + 18*r**2 + 49*r + 13. What is the tens digit of w(-2)?
3
Let p be (4/1)/(16/2344). Let d = 223 + p. What is the tens digit of d?
0
Let p = 571 - 577. What is the tens digit of (-4)/p + 128498/141?
1
Let t(f) = f**3 - 9*f**2 - 125*f - 6. What is the tens digit of t(36)?
8
What is the thousands digit of 2240 - ((-1)/7 + 448/392)?
2
Let z(f) = 838*f**2 - 37*f - 63. What is the thousands digit of z(8)?
3
Suppose 3*w + 82308 = 26*w + 30489. What is the hundreds digit of w?
2
Suppose -5*w = 365 + 725. Let j = -740 - -369. Let l = w - j. What is the units digit of l?
3
Suppose 4*j - 84626 = -2*r, 105820 = 5*j + 28*r - 33*r. What is the units digit of j?
9
Let v = -622 + 634. Suppose v*g - 5559 = 225. What is the hundreds digit of g?
4
Let f = 798 + -809. What is the tens digit of (9 + f)*-4 - -1657?
6
Suppose s - 4*f = 7297, -21981 = -3*s - 7*f + 4*f. What is the hundreds digit of s?
3
Let y be (4/(-4) - -3) + (0 - 2). Suppose y = 3*b + 15, -2*t - 9 = 3*b. Suppose -50 = -n - 2*j + 20, -66 = -n - t*j. What is the units digit of n?
8
Let u = -12610 - -21679. What is the tens digit of u?
6
Let f(h) = 4*h + 19. Let b be f(-4). Suppose b*j - 32 = 187. What is the tens digit of j?
7
Let j = 23 + -18. Suppose -1 = -6*c + j. Let t(y) = 56*y**2. What is the units digit of t(c)?
6
Let y = -90 + 92. Let z be (2/(-1))/(2/(-4)). Suppose z*h + y*l = 72, 4*l = h - 0*l - 36. What is the units digit of h?
0
Let i(n) = 4*n**3 - n**2 + 11. Let p be i(5). Suppose 3*q + 5*k - p = 0, -3*q - 103 + 589 = -5*k. What is the units digit of q?
2
Let i(u) = 685*u - 60. Let t be i(2). Suppose -206*y = -216*y + t. What is the hundreds digit of y?
1
Let l = 38104 - 19819. What is the hundreds digit of l?
2
Let q = -3240 - -21255. What is the hundreds digit of q?
0
Suppose 2*n - 15224 - 14580 = 6*v, 29867 = 2*n + 3*v. What is the hundreds digit of n?
9
Suppose 696 = -16*x + 5576. What is the hundreds digit of (x/183)/((-1)/(-111))?
1
Suppose -3*m - 5*y + 27 = 0, 10*y = 3*m + 7*y - 3. Suppose m*z = -4*u + 396, -2*z + 112 = 5*u - 89. What is the units digit of z?
8
Suppose 0 = -4*b - 43 + 51. What is the hundreds digit of -2*(4 - b)*(7 + -86)?
3
What is the ten thousands digit of ((-2660889)/(-42) + -23)*2/3?
4
Let q = 981 - 486. Suppose 3*x = 2*s + q, 0 = -8*s + 3*s + 15. What is the tens digit of x?
6
Let z(a) = a + 1. Let m(s) = 18*s - 36. Let h(d) = -m(d) - 36*z(d). Let t be h(-2). What is the units digit of t*((-5)/(-3) - 1)?
2
Let m(s) = s**2 - s - 2. Let x be m(-5). Let q be -2*302/(-10)*65/26. Let y = x + q. What is the tens digit of y?
7
Let c be (19 + -21)/((-1)/2). What is the tens digit of (-26)/c*(7 - 31)?
5
Let q be (3089/5)/((-49)/(-490)). Suppose -q = -12*s + 3326. What is the hundreds digit of s?
7
What is the thousands digit of -2*3/2*((-310961)/21 + 11)?
4
Suppose 0 = 44*i - 55*i + 12331. What is the hundreds digit of i?
1
Let u = -55 - -54. What is the tens digit of u + (-1*2375)/(-5)?
7
Let v(h) = h**3 - 25*h**2 + 51*h + 12. Let t be v(22). Let c = 56 - t. What is the hundreds digit of c?
3
Let z(w) = -309*w + 1137. What is the hundreds digit of z(